*m**3 + m. What are the prime factors of h(-7)?
2, 7
Let p(l) = -l**3 + 5*l**2 - l - 3. Let t(x) = x**2 + 7*x - 5. Let g be t(-8). Suppose m + 4 = -g*s + 15, m - 19 = -5*s. List the prime factors of p(s).
3
Let s(j) = 9*j**2 - 5*j + 8. Let d be s(8). Suppose 5*v = 0, -3*c - d = -7*c - 4*v. List the prime factors of (c/6)/(4/6).
2, 17
Let p(z) = -5*z + 4*z + 5*z - 8 - z. Let b be p(5). Let d = b + 5. List the prime factors of d.
2, 3
Let y be (3/(-2))/(48/(-608)). Let q = -4 + 6. Suppose -q*v = -y - 61. What are the prime factors of v?
2, 5
Let z = -19 + 130. Let s = 115 - z. List the prime factors of s.
2
Let m(f) = f**3 + 24*f**2 - 5*f - 29. Let s be -1 + -27 + (-9 - -13). List the prime factors of m(s).
7, 13
List the prime factors of (-3844)/(-5) - 342/(-285).
2, 5, 7, 11
What are the prime factors of (-6)/4 - (-11256)/16?
2, 3, 13
Suppose 0 = -8*x + 4321 + 1415. List the prime factors of x.
3, 239
Let p(g) = -g**3 + 8*g**2 + 10*g - 6. Let f be p(6). Suppose 0 = 2*x + 4*h - 54, 6*x - f = x - h. What are the prime factors of x?
5
Let u = 280 + -174. Suppose -5*s - 51 = 2*t - 567, -t - u = -s. List the prime factors of s.
2, 13
Suppose 0*l + 2*l - 16 = 0. Suppose l = u + 1. List the prime factors of u.
7
Let o be (-4)/8*-6 - 0. Let l be 5 - o/(-1 - -4). Suppose -l*f + 2*f = -18. What are the prime factors of f?
3
Let r(n) be the second derivative of n**5/60 + n**4/24 + 2*n**3/3 + 5*n**2/2 + 5*n. Let l(a) be the first derivative of r(a). List the prime factors of l(-6).
2, 17
Let r be 15*(8/(-4))/(-10). Suppose -4 = -a, i + r*a + a = 58. Suppose 3*n + i = 9*n. What are the prime factors of n?
7
Suppose -h = -4*h + 6. Suppose 0 = 5*y + h*m + 10 - 208, 2*y - m = 72. Suppose -3*s = 2*v - s - y, 99 = 5*v + 3*s. What are the prime factors of v?
3, 7
Let x = 1006 - -297. What are the prime factors of x?
1303
Let o = 29 + -25. Suppose -5*s = -2*w - 31, o*s - 8 - 18 = 2*w. Suppose 290 = s*p - 5*t, t + 3*t = 4. What are the prime factors of p?
59
Let q(d) = -d**2 - d - 1. Let s(u) = 4*u**2 + 4*u + 1. Let z(m) = -q(m) + s(m). List the prime factors of z(-4).
2, 31
Let q(w) = -w - 23. Let j be q(-20). Let d(f) = -3*f**2 + 2*f + 9. Let c be d(j). List the prime factors of 4/6 + (-800)/c.
2, 17
Suppose 18*q = 17*q - 13. Let c(x) = -20*x**3 + x**2 - x + 1. Let r be c(1). Let a = q - r. What are the prime factors of a?
2, 3
Suppose 3*y - 24 = -3*l, -y - l = 3*l - 2. What are the prime factors of 4/y*(12 + -7)?
2
Let l(m) = 4*m**3 - m**2 + 2*m - 1. Let f(j) = -j**2 - j - 2. Let n be f(-3). Let y be (-3)/(-6) - 4/n. List the prime factors of l(y).
2
Let g be 35/5 - (2 - -1). Suppose -4*v + g*f = -2*v - 250, -v + 4*f = -119. Suppose 4*i + v = 3*j + 8*i, j + 3*i = 42. List the prime factors of j.
3, 5
Let n = -673 + 948. List the prime factors of n.
5, 11
Let d(c) = -c**2 - 4*c + 6. Let q be d(5). Let i = q + 74. What are the prime factors of (-161)/(-5) - 7/i?
2
Suppose 3*j - 17 = -0*x + 2*x, 2*j - 2*x = 14. Suppose -2*u = -f + j, u + 0*u + 5 = f. Suppose f*z - 312 = -60. What are the prime factors of z?
2, 3
Suppose 20*c = 12340 + 1840. What are the prime factors of c?
709
Let s(m) be the first derivative of m**6/360 + m**4/24 + 11*m**3/3 + 8. Let r(j) be the third derivative of s(j). What are the prime factors of r(5)?
2, 13
Suppose d - 1 = 2, -2*i = -d + 29. Let n = 153 + i. List the prime factors of n.
2, 5, 7
Let f(v) be the third derivative of 19*v**4/24 - 25*v**3/6 + 25*v**2. What are the prime factors of f(9)?
2, 73
Suppose 70*p = p + 35604. List the prime factors of p.
2, 3, 43
Let s(k) = k**2 - 4*k + 9. Let b be (-38)/(-9) - (-8)/(-36). Let w be s(b). What are the prime factors of (3 - w/5)*5?
2, 3
Suppose -7*t + 231 = -1918. What are the prime factors of t/2 + (-36)/(-24)?
5, 31
Let m = -25 - -37. List the prime factors of 12*m/(-45)*(-10)/4.
2
Let d = -34 - -36. Suppose -222 = -4*z - 3*v - 13, d*z - 110 = 4*v. What are the prime factors of z?
53
Let b = -40 - -46. Suppose f = 48 - b. What are the prime factors of f?
2, 3, 7
Let v(o) = -o**3 + 8*o**2 + 14*o - 28. Let m be v(9). Suppose m*r - 1584 = 6*r. What are the prime factors of r?
2, 3
Suppose 2*z + 0*z + 2*o = 14, -4*z = -5*o - 1. Suppose 4*x = 0, 44 + 360 = z*q - 2*x. List the prime factors of q.
101
What are the prime factors of (13 + -1335)*7/(-14)?
661
Let p(o) = -o - 1. Let c be p(-4). Suppose c*r + 0*r = 78. What are the prime factors of r?
2, 13
Suppose -65 + 491 = 2*p. What are the prime factors of ((-21)/14 + p/2)*1?
3, 5, 7
Let n(k) = -k**3 + 7*k**2 - 7*k + 6. Let t be n(6). Let b = t - -2. What are the prime factors of b?
2
Let c(g) = -3*g - 4. Let s be c(-7). Let a(f) = -2*f - 2. Let w be a(3). Let m = w + s. List the prime factors of m.
3
Let b = 16 - 20. Let p be 75 - (-8)/(b/1). Let u = p + -21. What are the prime factors of u?
2, 13
Let o be (22/(-3))/((-12)/(-18)). Let r(c) = -c - 5. List the prime factors of r(o).
2, 3
Suppose -2*a - f = -2851, 4*f + 802 + 637 = a. List the prime factors of a.
1427
Let n = -79 + 91. Let x(a) = -7*a**2 - 19*a + 18. Let l(p) = -3*p**2 - 10*p + 9. Let t(m) = -9*l(m) + 4*x(m). What are the prime factors of t(n)?
3, 5
Suppose -506 = -2*v - 14*u + 10*u, 3*v + u = 744. What are the prime factors of v?
13, 19
Let d(q) = 9*q**3 - 2*q**2 - 10*q + 11. What are the prime factors of d(4)?
5, 103
Suppose 2*j - 11*j + 21663 = 0. List the prime factors of j.
29, 83
Let w = 8 + -8. Suppose w = -f - 3*f + 136. What are the prime factors of f?
2, 17
Let r = 41 + 63. Let g be r/28 + 2/7. Suppose g*p + 41 = 105. List the prime factors of p.
2
Let g(l) be the second derivative of 1/12*l**4 + 0 - 6*l + 15/2*l**2 + 3/2*l**3. What are the prime factors of g(-11)?
37
Suppose 2*y - 3*y = -2*b + 15, -y - 3*b - 5 = 0. Let h = 43 - y. List the prime factors of h.
2, 3
Suppose -2*b = 4*f - 122 - 50, -2*b = f - 43. Let h = -40 + f. List the prime factors of h.
3
Let x = -78 - -26. Let j(g) = -g**3 + 23*g**2 + 27*g - 58. Let c be j(24). List the prime factors of (21/c)/((-2)/x).
3, 13
Let k = 30 + -15. Let v = 12 - k. Let c = 16 + v. What are the prime factors of c?
13
Let c(w) be the second derivative of w**4/12 - 4*w**3/3 - 3*w**2/2 + 7*w - 2. Let y be (4 - 2)/(-2) - -10. List the prime factors of c(y).
2, 3
Let y(v) = 17*v - 36. Let h be y(10). Let k = h - 11. What are the prime factors of k?
3, 41
What are the prime factors of ((-914056)/85)/(-8) - 12/10?
17, 79
Suppose 5*z + 3*z = 15976. What are the prime factors of z?
1997
Suppose 0*j = 4*j + 3*i - 23, j + 3 = i. List the prime factors of 4 + (-2854)/(-38) + j/(-19).
79
Let r be -6 + (-3 - -6) - -5. Suppose s - 7*w = -r*w + 23, -11 = -s + 2*w. Suppose 0 = s*v - 0*v - 36. What are the prime factors of v?
2, 3
Let i(o) = 12*o**2 - 85*o - 25. List the prime factors of i(19).
2, 673
Suppose 8*r = 23 + 1. Let q(d) = 3*d**3 + 4*d**2 - 5*d - 4. Let g be q(r). What are the prime factors of (-18)/4*g/(-7)?
3, 7
Let r be 90/25 - 4/(-10). Suppose -40 = -r*i - 0*i. Suppose 4*m = 50 + i. What are the prime factors of m?
3, 5
Let j(o) = 70*o + 114. List the prime factors of j(9).
2, 3, 31
Suppose 18*v + 3901 = 13783. What are the prime factors of v?
3, 61
Let k(q) = -138*q + 607. What are the prime factors of k(-22)?
3643
Let w = 50 - 40. Suppose x - 24 = -w. List the prime factors of x.
2, 7
Let d = 1277 + -621. List the prime factors of d.
2, 41
Suppose 0 = 90*k - 92*k + 1512. List the prime factors of k.
2, 3, 7
Suppose -195 = 6*k - 9*k. Let z = -45 + k. What are the prime factors of z*5/16*4?
5
Let x be 305/2 + 1/(-2). Let o = x - 70. What are the prime factors of o?
2, 41
Suppose 0 = -0*r + r. Suppose r = -7*d + 3*d + 36. List the prime factors of d.
3
Let z = -58 - -165. Suppose r = z + 75. List the prime factors of r.
2, 7, 13
Let m be (-45)/(-15) + -1 + 4866. Let j be (-4)/18 + m/36. Suppose 9*h = 4*h + j. List the prime factors of h.
3
Let o(d) = -198*d**2 - 4*d - 13. Let h(q) = -3*q - 1. Let z be h(1). Let v be o(z). List the prime factors of (-1)/3 - v/45.
2, 5, 7
Let n(m) = 2*m**2 - 2*m - 2. Suppose 2*s - 2 - 2 = 0. Let l be n(s). Suppose 2*x - l*h - 14 = 0, 2*h = x - 2*x + 13. List the prime factors of x.
3
Let c(y) = -y**2 + 32 - 67 - 11*y + 33. What are the prime factors of c(-10)?
2
Let n be (-137)/(-6) - (-1)/6